{"id":4328,"date":"2023-01-08T14:42:48","date_gmt":"2023-01-08T11:42:48","guid":{"rendered":"https:\/\/adler-entkernung-sanierung.de\/remax\/?page_id=4328"},"modified":"2023-01-08T14:52:49","modified_gmt":"2023-01-08T11:52:49","slug":"emlaginizi-biz-satalim","status":"publish","type":"page","link":"https:\/\/adler-entkernung-sanierung.de\/remax\/emlaginizi-biz-satalim\/","title":{"rendered":"Emla\u011f\u0131n\u0131z\u0131 Biz Satal\u0131m"},"content":{"rendered":"\t\t<div data-elementor-type=\"wp-page\" data-elementor-id=\"4328\" class=\"elementor elementor-4328\">\n\t\t\t\t\t\t\t\t\t<section class=\"elementor-section elementor-top-section elementor-element elementor-element-3233354 elementor-section-boxed elementor-section-height-default elementor-section-height-default\" data-id=\"3233354\" data-element_type=\"section\">\n\t\t\t\t\t\t<div class=\"elementor-container elementor-column-gap-default\">\n\t\t\t\t\t<div class=\"elementor-column elementor-col-50 elementor-top-column elementor-element elementor-element-4b01abb\" data-id=\"4b01abb\" data-element_type=\"column\">\n\t\t\t<div class=\"elementor-widget-wrap elementor-element-populated\">\n\t\t\t\t\t\t\t\t<div class=\"elementor-element elementor-element-9176448 elementor-button-align-stretch elementor-widget elementor-widget-houzez_elementor_contact_form\" data-id=\"9176448\" data-element_type=\"widget\" data-widget_type=\"houzez_elementor_contact_form.default\">\n\t\t\t\t<div class=\"elementor-widget-container\">\n\t\t\t\n        <script type=\"application\/javascript\">\n            jQuery(document).bind(\"ready\", function () {\n                houzezValidateElementor(\"#houzez-form-9176448\" );\n            });\n        <\/script>\n\n        <form class=\"elementor-form\" id=\"houzez-form-9176448\" method=\"post\" name=\"New Form\" action=\"https:\/\/adler-entkernung-sanierung.de\/remax\/wp-admin\/admin-ajax.php\">\n            <input type=\"hidden\" name=\"form_id\" value=\"9176448\"\/>\n            <input type=\"hidden\" name=\"houzez_contact_form\" value=\"yes\"\/>\n            <input type=\"hidden\" name=\"action\" value=\"houzez_ele_contact_form\" \/>\n            <input type=\"hidden\" name=\"source_link\" value=\"https:\/\/adler-entkernung-sanierung.de\/remax\/emlaginizi-biz-satalim\/\" \/>\n            <input type=\"hidden\" name=\"lead_page_id\" value=\"4328\" \/>\n            <input type=\"hidden\" name=\"email_to\" value=\"info@adler-entkernung-sanierung.de\" \/>\n            <input type=\"hidden\" name=\"email_subject\" value=\"New message from &quot;Remax Jewel&quot;\" \/>\n            <input type=\"hidden\" name=\"email_to_cc\" value=\"\" \/>\n            <input type=\"hidden\" name=\"email_to_bcc\" value=\"\" \/>\n            <input type=\"hidden\" name=\"webhook\" value=\"false\" \/>\n            <input type=\"hidden\" name=\"webhook_url\" value=\"\" \/>\n            <input type=\"hidden\" name=\"redirect_to\" value=\"\" \/>\n            <input type=\"hidden\" name=\"google_recaptcha\" value=\"false\" \/>\n            \n\n            <div class=\"elementor-form-fields-wrapper elementor-labels-above\">\n\n                                    <div class=\"elementor-field-group elementor-column form-group elementor-field-group-name elementor-col-100\">\n                    <label for=\"form-field-name\" class=\"elementor-field-label\">isim<\/label><input type=\"text\" name=\"name\" id=\"form-field-name\" class=\"elementor-field form-control elementor-size-sm elementor-field-textual\" placeholder=\"isim\" title=\"* isim\">                    <\/div>\n\n                                        <div class=\"elementor-field-group elementor-column form-group elementor-field-group-90709f3 elementor-col-100\">\n                    <label for=\"form-field-90709f3\" class=\"elementor-field-label\">Telefon<\/label><input type=\"text\" name=\"home_phone\" id=\"form-field-90709f3\" class=\"elementor-field form-control elementor-size-sm elementor-field-textual\" placeholder=\"Telefon numaran\u0131z\" title=\"* Telefon\">                    <\/div>\n\n                                        <div class=\"elementor-field-group elementor-column form-group elementor-field-group-email elementor-col-100 elementor-field-required\">\n                    <label for=\"form-field-email\" class=\"elementor-field-label\">Email<\/label><input type=\"email\" name=\"email\" id=\"form-field-email\" class=\"elementor-field form-control elementor-size-sm elementor-field-textual\" placeholder=\"Email\" title=\"* Email\" required=\"required\">                    <\/div>\n\n                                        <div class=\"elementor-field-group elementor-column form-group elementor-field-group-message elementor-col-100\">\n                    <label for=\"form-field-message\" class=\"elementor-field-label\">Emlak Bilgileri<\/label><textarea class=\"elementor-field-textual elementor-field elementor-size-sm\" name=\"message\" id=\"form-field-message\" rows=\"4\" placeholder=\"Emla\u011f\u0131n\u0131z hakk\u0131nda bilgi\"><\/textarea>                    <\/div>\n\n                    \n                    \n                    \n                    <div class=\"elementor-field-group elementor-column elementor-field-type-submit elementor-col-100\">\n                    <button type=\"submit\" class=\"btn houzez-submit-button houzez-contact-form-js elementor-button elementor-size-sm\">\n                        <i class=\"btn-loader houzez-loader-js\"><\/i>\n                                                    G\u00f6nder                                            <\/button>\n                <\/div>\n            <\/div><!-- End wrapper-->\n            <br\/>\n            <div class=\"ele-form-messages\"><\/div>\n            <div class=\"error-container\"><\/div>\n\n        <\/form>\n\n    \t\t<\/div>\n\t\t\t\t<\/div>\n\t\t\t\t\t<\/div>\n\t\t<\/div>\n\t\t\t\t<div class=\"elementor-column elementor-col-50 elementor-top-column elementor-element elementor-element-9c8755c\" data-id=\"9c8755c\" data-element_type=\"column\">\n\t\t\t<div class=\"elementor-widget-wrap elementor-element-populated\">\n\t\t\t\t\t\t\t\t<div class=\"elementor-element elementor-element-dde0310 elementor-widget elementor-widget-text-editor\" data-id=\"dde0310\" data-element_type=\"widget\" data-widget_type=\"text-editor.default\">\n\t\t\t\t<div class=\"elementor-widget-container\">\n\t\t\t\t\t\t\t<p>Gayrimenkul\u00fcn\u00fcz\u00fcn de\u011ferinde ve h\u0131zl\u0131 bir \u015fekilde sat\u0131lmas\u0131n\u0131 ya da kiralanmas\u0131n\u0131 m\u0131 istiyorsun? Detayl\u0131 bilgi i\u00e7in formu doldurabilirsiniz.<\/p>\t\t\t\t\t\t<\/div>\n\t\t\t\t<\/div>\n\t\t\t\t\t<\/div>\n\t\t<\/div>\n\t\t\t\t\t\t\t<\/div>\n\t\t<\/section>\n\t\t\t\t\t\t\t<\/div>\n\t\t","protected":false},"excerpt":{"rendered":"<p>isim Telefon Email Emlak Bilgileri G\u00f6nder Gayrimenkul\u00fcn\u00fcz\u00fcn de\u011ferinde ve h\u0131zl\u0131 bir \u015fekilde sat\u0131lmas\u0131n\u0131 ya da kiralanmas\u0131n\u0131 m\u0131 istiyorsun? Detayl\u0131 bilgi i\u00e7in formu doldurabilirsiniz.<\/p>\n","protected":false},"author":1,"featured_media":0,"parent":0,"menu_order":0,"comment_status":"closed","ping_status":"closed","template":"elementor_header_footer","meta":{"footnotes":""},"class_list":["post-4328","page","type-page","status-publish","hentry"],"_links":{"self":[{"href":"https:\/\/adler-entkernung-sanierung.de\/remax\/wp-json\/wp\/v2\/pages\/4328","targetHints":{"allow":["GET"]}}],"collection":[{"href":"https:\/\/adler-entkernung-sanierung.de\/remax\/wp-json\/wp\/v2\/pages"}],"about":[{"href":"https:\/\/adler-entkernung-sanierung.de\/remax\/wp-json\/wp\/v2\/types\/page"}],"author":[{"embeddable":true,"href":"https:\/\/adler-entkernung-sanierung.de\/remax\/wp-json\/wp\/v2\/users\/1"}],"replies":[{"embeddable":true,"href":"https:\/\/adler-entkernung-sanierung.de\/remax\/wp-json\/wp\/v2\/comments?post=4328"}],"version-history":[{"count":7,"href":"https:\/\/adler-entkernung-sanierung.de\/remax\/wp-json\/wp\/v2\/pages\/4328\/revisions"}],"predecessor-version":[{"id":4354,"href":"https:\/\/adler-entkernung-sanierung.de\/remax\/wp-json\/wp\/v2\/pages\/4328\/revisions\/4354"}],"wp:attachment":[{"href":"https:\/\/adler-entkernung-sanierung.de\/remax\/wp-json\/wp\/v2\/media?parent=4328"}],"curies":[{"name":"wp","href":"https:\/\/api.w.org\/{rel}","templated":true}]}}