{"id":4324,"date":"2023-01-08T14:41:21","date_gmt":"2023-01-08T11:41:21","guid":{"rendered":"https:\/\/adler-entkernung-sanierung.de\/remax\/?page_id=4324"},"modified":"2023-01-08T14:46:55","modified_gmt":"2023-01-08T11:46:55","slug":"danismanlarimiz","status":"publish","type":"page","link":"https:\/\/adler-entkernung-sanierung.de\/remax\/danismanlarimiz\/","title":{"rendered":"Dan\u0131\u015fmanlar\u0131m\u0131z"},"content":{"rendered":"\t\t<div data-elementor-type=\"wp-page\" data-elementor-id=\"4324\" class=\"elementor elementor-4324\">\n\t\t\t\t\t\t\t\t\t<section class=\"elementor-section elementor-top-section elementor-element elementor-element-5d4acd7 elementor-section-boxed elementor-section-height-default elementor-section-height-default\" data-id=\"5d4acd7\" data-element_type=\"section\">\n\t\t\t\t\t\t<div class=\"elementor-container elementor-column-gap-default\">\n\t\t\t\t\t<div class=\"elementor-column elementor-col-100 elementor-top-column elementor-element elementor-element-5ab7866\" data-id=\"5ab7866\" data-element_type=\"column\">\n\t\t\t<div class=\"elementor-widget-wrap\">\n\t\t\t\t\t\t\t\t\t<\/div>\n\t\t<\/div>\n\t\t\t\t\t\t\t<\/div>\n\t\t<\/section>\n\t\t\t\t<section class=\"elementor-section elementor-top-section elementor-element elementor-element-bea11b7 elementor-section-boxed elementor-section-height-default elementor-section-height-default\" data-id=\"bea11b7\" data-element_type=\"section\">\n\t\t\t\t\t\t<div class=\"elementor-container elementor-column-gap-default\">\n\t\t\t\t\t<div class=\"elementor-column elementor-col-100 elementor-top-column elementor-element elementor-element-7e92b33\" data-id=\"7e92b33\" data-element_type=\"column\">\n\t\t\t<div class=\"elementor-widget-wrap elementor-element-populated\">\n\t\t\t\t\t\t\t\t<div class=\"elementor-element elementor-element-2fa641d elementor-widget elementor-widget-houzez_elementor_agents\" data-id=\"2fa641d\" data-element_type=\"widget\" data-widget_type=\"houzez_elementor_agents.default\">\n\t\t\t\t<div class=\"elementor-widget-container\">\n\t\t\t\n        <!--start agents module-->\n        \n            <div class=\"agent-module module-3cols clearfix\">\n\n                <div class=\"agent-item\">\n\t<div class=\"agent-thumb\">\n\t\t<a href=\"https:\/\/adler-entkernung-sanierung.de\/remax\/agent\/samuel-palmer\/\">\n\t\t\t<img loading=\"lazy\" decoding=\"async\" width=\"150\" height=\"150\" src=\"https:\/\/adler-entkernung-sanierung.de\/remax\/wp-content\/uploads\/2016\/02\/agent-3-150x150.jpg\" class=\"img-fluid rounded-circle wp-post-image\" alt=\"\" srcset=\"https:\/\/adler-entkernung-sanierung.de\/remax\/wp-content\/uploads\/2016\/02\/agent-3-150x150.jpg 150w, https:\/\/adler-entkernung-sanierung.de\/remax\/wp-content\/uploads\/2016\/02\/agent-3-300x300.jpg 300w, https:\/\/adler-entkernung-sanierung.de\/remax\/wp-content\/uploads\/2016\/02\/agent-3-600x600.jpg 600w, https:\/\/adler-entkernung-sanierung.de\/remax\/wp-content\/uploads\/2016\/02\/agent-3-496x496.jpg 496w, https:\/\/adler-entkernung-sanierung.de\/remax\/wp-content\/uploads\/2016\/02\/agent-3.jpg 700w\" sizes=\"auto, (max-width: 150px) 100vw, 150px\" \/>\t\t<\/a>\n\t<\/div>\n\n\t<div class=\"agent-info\">\n\t\t<div class=\"agent-name\">\n\t\t\t<a href=\"https:\/\/adler-entkernung-sanierung.de\/remax\/agent\/samuel-palmer\/\"><strong>Samuel Palmer<\/strong><\/a>\n\t\t<\/div>\n\n\t\t<div class=\"agent-company\">\n\t\t\t                Founder &amp; CEO                                , Realty Properties Inc.\n                            \t\t<\/div>\n\t<\/div>\n\t<div class=\"agent-body\">\n\t\tLorem ipsum dolor sit amet, consectetur adipiscing elit. Nullam imperdiet ullamcorper nisl, sed venenatis...\t<\/div>\n\t<div class=\"agent-link\">\n\t\t<a href=\"https:\/\/adler-entkernung-sanierung.de\/remax\/agent\/samuel-palmer\/\"><\/a>\n\t<\/div>\n<\/div><div class=\"agent-item\">\n\t<div class=\"agent-thumb\">\n\t\t<a href=\"https:\/\/adler-entkernung-sanierung.de\/remax\/agent\/vincent-fuller\/\">\n\t\t\t<img loading=\"lazy\" decoding=\"async\" width=\"150\" height=\"150\" src=\"https:\/\/adler-entkernung-sanierung.de\/remax\/wp-content\/uploads\/2016\/02\/agent-4-150x150.jpg\" class=\"img-fluid rounded-circle wp-post-image\" alt=\"\" srcset=\"https:\/\/adler-entkernung-sanierung.de\/remax\/wp-content\/uploads\/2016\/02\/agent-4-150x150.jpg 150w, https:\/\/adler-entkernung-sanierung.de\/remax\/wp-content\/uploads\/2016\/02\/agent-4-300x300.jpg 300w, https:\/\/adler-entkernung-sanierung.de\/remax\/wp-content\/uploads\/2016\/02\/agent-4-496x496.jpg 496w, https:\/\/adler-entkernung-sanierung.de\/remax\/wp-content\/uploads\/2016\/02\/agent-4.jpg 500w\" sizes=\"auto, (max-width: 150px) 100vw, 150px\" \/>\t\t<\/a>\n\t<\/div>\n\n\t<div class=\"agent-info\">\n\t\t<div class=\"agent-name\">\n\t\t\t<a href=\"https:\/\/adler-entkernung-sanierung.de\/remax\/agent\/vincent-fuller\/\"><strong>Vincent Fuller<\/strong><\/a>\n\t\t<\/div>\n\n\t\t<div class=\"agent-company\">\n\t\t\t                Company Agent                                , Cool Houses Inc.\n                            \t\t<\/div>\n\t<\/div>\n\t<div class=\"agent-body\">\n\t\tLorem ipsum dolor sit amet, consectetur adipiscing elit. Nullam imperdiet ullamcorper nisl, sed venenatis...\t<\/div>\n\t<div class=\"agent-link\">\n\t\t<a href=\"https:\/\/adler-entkernung-sanierung.de\/remax\/agent\/vincent-fuller\/\"><\/a>\n\t<\/div>\n<\/div><div class=\"agent-item\">\n\t<div class=\"agent-thumb\">\n\t\t<a href=\"https:\/\/adler-entkernung-sanierung.de\/remax\/agent\/asuman-aykut-real-estate\/\">\n\t\t\t<img loading=\"lazy\" decoding=\"async\" width=\"150\" height=\"150\" src=\"https:\/\/adler-entkernung-sanierung.de\/remax\/wp-content\/uploads\/2016\/02\/agent-2-150x150.jpg\" class=\"img-fluid rounded-circle wp-post-image\" alt=\"\" srcset=\"https:\/\/adler-entkernung-sanierung.de\/remax\/wp-content\/uploads\/2016\/02\/agent-2-150x150.jpg 150w, https:\/\/adler-entkernung-sanierung.de\/remax\/wp-content\/uploads\/2016\/02\/agent-2-300x300.jpg 300w, https:\/\/adler-entkernung-sanierung.de\/remax\/wp-content\/uploads\/2016\/02\/agent-2-768x768.jpg 768w, https:\/\/adler-entkernung-sanierung.de\/remax\/wp-content\/uploads\/2016\/02\/agent-2-600x600.jpg 600w, https:\/\/adler-entkernung-sanierung.de\/remax\/wp-content\/uploads\/2016\/02\/agent-2-496x496.jpg 496w, https:\/\/adler-entkernung-sanierung.de\/remax\/wp-content\/uploads\/2016\/02\/agent-2.jpg 800w\" sizes=\"auto, (max-width: 150px) 100vw, 150px\" \/>\t\t<\/a>\n\t<\/div>\n\n\t<div class=\"agent-info\">\n\t\t<div class=\"agent-name\">\n\t\t\t<a href=\"https:\/\/adler-entkernung-sanierung.de\/remax\/agent\/asuman-aykut-real-estate\/\"><strong>Asuman Aykut Real Estate<\/strong><\/a>\n\t\t<\/div>\n\n\t\t<div class=\"agent-company\">\n\t\t\t                Company Agent                                , Smart Houses Inc.\n                            \t\t<\/div>\n\t<\/div>\n\t<div class=\"agent-body\">\n\t\tLorem ipsum dolor sit amet, consectetur adipiscing elit. Nullam imperdiet ullamcorper nisl, sed venenatis...\t<\/div>\n\t<div class=\"agent-link\">\n\t\t<a href=\"https:\/\/adler-entkernung-sanierung.de\/remax\/agent\/asuman-aykut-real-estate\/\"><\/a>\n\t<\/div>\n<\/div><div class=\"agent-item\">\n\t<div class=\"agent-thumb\">\n\t\t<a href=\"https:\/\/adler-entkernung-sanierung.de\/remax\/agent\/michelle-ramirez\/\">\n\t\t\t<img loading=\"lazy\" decoding=\"async\" width=\"150\" height=\"150\" src=\"https:\/\/adler-entkernung-sanierung.de\/remax\/wp-content\/uploads\/2016\/02\/agent-1-150x150.jpg\" class=\"img-fluid rounded-circle wp-post-image\" alt=\"\" srcset=\"https:\/\/adler-entkernung-sanierung.de\/remax\/wp-content\/uploads\/2016\/02\/agent-1-150x150.jpg 150w, https:\/\/adler-entkernung-sanierung.de\/remax\/wp-content\/uploads\/2016\/02\/agent-1-300x300.jpg 300w, https:\/\/adler-entkernung-sanierung.de\/remax\/wp-content\/uploads\/2016\/02\/agent-1-768x768.jpg 768w, https:\/\/adler-entkernung-sanierung.de\/remax\/wp-content\/uploads\/2016\/02\/agent-1-600x600.jpg 600w, https:\/\/adler-entkernung-sanierung.de\/remax\/wp-content\/uploads\/2016\/02\/agent-1-496x496.jpg 496w, https:\/\/adler-entkernung-sanierung.de\/remax\/wp-content\/uploads\/2016\/02\/agent-1.jpg 800w\" sizes=\"auto, (max-width: 150px) 100vw, 150px\" \/>\t\t<\/a>\n\t<\/div>\n\n\t<div class=\"agent-info\">\n\t\t<div class=\"agent-name\">\n\t\t\t<a href=\"https:\/\/adler-entkernung-sanierung.de\/remax\/agent\/michelle-ramirez\/\"><strong>Michelle Ramirez<\/strong><\/a>\n\t\t<\/div>\n\n\t\t<div class=\"agent-company\">\n\t\t\t                Company Agent                                , Realtory Inc.\n                            \t\t<\/div>\n\t<\/div>\n\t<div class=\"agent-body\">\n\t\tLorem ipsum dolor sit amet, consectetur adipiscing elit. Nullam imperdiet ullamcorper nisl, sed venenatis...\t<\/div>\n\t<div class=\"agent-link\">\n\t\t<a href=\"https:\/\/adler-entkernung-sanierung.de\/remax\/agent\/michelle-ramirez\/\"><\/a>\n\t<\/div>\n<\/div>            <\/div><!-- agent-module -->\n\n                <!--end post agents module-->\n\n\n        \t\t<\/div>\n\t\t\t\t<\/div>\n\t\t\t\t\t<\/div>\n\t\t<\/div>\n\t\t\t\t\t\t\t<\/div>\n\t\t<\/section>\n\t\t\t\t\t\t\t<\/div>\n\t\t","protected":false},"excerpt":{"rendered":"<p>Samuel Palmer Founder &amp; CEO , Realty Properties Inc. Lorem ipsum dolor sit amet, consectetur adipiscing elit. Nullam imperdiet ullamcorper nisl, sed venenatis&#8230; Vincent Fuller Company Agent , Cool Houses Inc. Lorem ipsum dolor sit amet, consectetur adipiscing elit. Nullam imperdiet ullamcorper nisl, sed venenatis&#8230; Asuman Aykut Real Estate Company Agent , Smart Houses Inc. [&hellip;]<\/p>\n","protected":false},"author":1,"featured_media":0,"parent":0,"menu_order":0,"comment_status":"closed","ping_status":"closed","template":"elementor_header_footer","meta":{"footnotes":""},"class_list":["post-4324","page","type-page","status-publish","hentry"],"_links":{"self":[{"href":"https:\/\/adler-entkernung-sanierung.de\/remax\/wp-json\/wp\/v2\/pages\/4324","targetHints":{"allow":["GET"]}}],"collection":[{"href":"https:\/\/adler-entkernung-sanierung.de\/remax\/wp-json\/wp\/v2\/pages"}],"about":[{"href":"https:\/\/adler-entkernung-sanierung.de\/remax\/wp-json\/wp\/v2\/types\/page"}],"author":[{"embeddable":true,"href":"https:\/\/adler-entkernung-sanierung.de\/remax\/wp-json\/wp\/v2\/users\/1"}],"replies":[{"embeddable":true,"href":"https:\/\/adler-entkernung-sanierung.de\/remax\/wp-json\/wp\/v2\/comments?post=4324"}],"version-history":[{"count":4,"href":"https:\/\/adler-entkernung-sanierung.de\/remax\/wp-json\/wp\/v2\/pages\/4324\/revisions"}],"predecessor-version":[{"id":4339,"href":"https:\/\/adler-entkernung-sanierung.de\/remax\/wp-json\/wp\/v2\/pages\/4324\/revisions\/4339"}],"wp:attachment":[{"href":"https:\/\/adler-entkernung-sanierung.de\/remax\/wp-json\/wp\/v2\/media?parent=4324"}],"curies":[{"name":"wp","href":"https:\/\/api.w.org\/{rel}","templated":true}]}}